hat is the ten thousands digit of f(2)?
1
What is the hundreds digit of (-625009)/14*32/(-176)?
1
Suppose -9*u = 3*u - 154164. Suppose -6*c - 4765 = -u. What is the hundreds digit of c?
3
Let f(a) = 6*a**2 - 46*a + 28 - 28*a + 1 + 46*a - 2. What is the tens digit of f(-10)?
0
Suppose -3*f = -2*z - 11, 15 = 2*z + 3*f - 4. Let h be (-1)/((-2)/(-6))*z/(-2). Suppose a + 3*k - 100 = 104, a - h*k = 186. What is the tens digit of a?
9
Let m(y) = -199*y - 116. Let u be m(-6). Suppose -58*p + 44*p = -u. What is the units digit of p?
7
Let z = 41 + -92. Let f = z - -89. Suppose 0 = 2*d - k - f, 3*d - 2*d + 5*k = 41. What is the tens digit of d?
2
Let k = 25 - 31. Let h(w) = w**2 + 3*w + 21. Let q be h(k). Let a = q + -32. What is the units digit of a?
7
What is the thousands digit of 3024/((-15)/25 + 1)?
7
Let z = 41469 + -20987. What is the thousands digit of z?
0
Suppose 5*b - 5*u - 2135 = -0*u, 2*u = -4*b + 1690. Let i = b + -214. What is the units digit of i?
0
Suppose -21*c = -25*c + 16. Let a be ((-250)/20)/(2/c). What is the tens digit of (a/(-15))/((-1)/(-15) - 0)?
2
Suppose 0 = 53*c - 42835 + 9021. What is the hundreds digit of c?
6
Let h = -410 - -581. Suppose -h*v - 582 = -172*v. What is the units digit of v?
2
Let n(d) = 3*d**3 + 5*d**2 - 2*d + 3. Let g be n(-2). Suppose -5 = -f, g*f = -2*h + h + 523. What is the units digit of h?
8
Let f(c) = 119*c + 796. What is the units digit of f(63)?
3
Let m be (-69 + 66)*(-1)/3. What is the tens digit of 15*(-114)/(-12) - m/2?
4
Let h(x) be the first derivative of -23*x**2/2 + 400*x + 81. What is the tens digit of h(-45)?
3
Let n be 7/2*((-75)/(-21) + -3). Let x(c) = c**n - 3 - 4*c - c - 3 + 0. What is the tens digit of x(10)?
4
Let y = 36 + -45. Let i(m) = m**2 + 9*m + 3. Let p be i(y). Suppose l - p*l = -50. What is the units digit of l?
5
Let c(z) = 5*z**2 + z - 2. Let f be c(2). Suppose -f + 184 = 2*g. Suppose -x + 44 = -4*h, 2*h + 0*h + g = 3*x. What is the units digit of x?
4
Suppose -248219 = -22*c - 15*c + 117600. What is the thousands digit of c?
9
Let u(i) = 815*i**3 + i. Let x be (-1)/((18/(-27))/(4/6)). What is the tens digit of u(x)?
1
What is the hundreds digit of -15 - (1588551 + 3)/(-22)?
1
Let z(v) = 4*v**2 + 36*v - 14. What is the units digit of z(-42)?
0
Suppose -2*o + 13552 = 5*r, 3*r + 8382 - 1584 = o. What is the hundreds digit of o?
7
Let b be (-2 - -2 - 1) + 2. Let l(u) be the first derivative of 14*u**4 - u**3/3 + u**2/2 - u + 200. What is the units digit of l(b)?
5
Let o be (-22)/(-8) + ((-3)/(-4))/3. Suppose 3 = o*y + 111. What is the tens digit of (-365)/(-4) - (-9)/y?
9
Let m(a) = a**3 - 8*a**2 - 8*a - 5. Let j be m(9). Let g(i) = -2*i + 12. Let p be g(j). What is the tens digit of (82/2)/(2/p)?
8
Suppose 10 = -5*z + 30. Let j be z/(-12) - 27357/9. What is the tens digit of j/(-90) + (-2)/(-9)?
3
Suppose -13 = 3*f - 97. What is the hundreds digit of (-11)/(110/f)*-135?
3
Suppose -4*h = -3*s + 29423, -2*h + 19592 = -22*s + 24*s. What is the tens digit of s?
0
Suppose 0 = 4*b + 5 + 3, 2*b + 255 = w. Let p = 62 + w. What is the units digit of p?
3
Suppose 3*z = -0*q + 3*q + 597, -z = -2*q - 399. Let u = q + 372. What is the hundreds digit of u?
1
Suppose 9*f + 1636 = -1775. Let y = -23 - f. What is the tens digit of y?
5
Let t = 2 - -2. Suppose t*d - 4*w = -2*w + 10, -d = 2*w - 10. Suppose 3*s + d*s = 616. What is the tens digit of s?
8
Let h(v) = -7*v**3 - 6*v**2 - 14*v + 15. What is the hundreds digit of h(-8)?
3
Let s = -1487 + 1045. Let p = 741 + s. What is the units digit of p?
9
Suppose 4*z - 245 = 603. Suppose 5*m - 1180 = -5*t, -2*t - 3*t - z = -m. Suppose 5*f - 275 = -5*y, -5*f + y = -m - 19. What is the tens digit of f?
5
Let g = -12336 + 33040. What is the thousands digit of g?
0
Let a(n) = 6*n**3 + 2*n**2 + 3*n - 8. Let d = -50 + 54. What is the hundreds digit of a(d)?
4
Suppose 3*i + 4*g = 1080, 0 = i - 4*g - 239 - 153. What is the tens digit of i?
6
Let a be (42/7)/((-2 + 1)/(-1)). Suppose 4*q = 5*i - a*i + 120, 5 = -q. Let j = i + -119. What is the units digit of j?
1
Let h(m) = m**2 + 12*m - 21. Let x be h(-14). What is the hundreds digit of 796 + x/(-28)*-12?
7
Let p(l) = 169*l - 7. Let h be p(3). Let o = h - 343. What is the units digit of o?
7
Let n(r) = 15*r**2 - r - 4. Let o be n(2). Let y be o*(-2 - 65/(-10)). Suppose -3*j + 211 = k - y, 0 = -3*j + 4*k + 434. What is the units digit of j?
0
Let a = 7449 - -36357. What is the units digit of a?
6
Let r = -2541 + 4077. What is the units digit of r?
6
Suppose -6*w = -9*w + 9. What is the tens digit of (202/(-5))/(1*w/(-15))?
0
What is the units digit of 2*(1 + -3) + 95208/6?
4
Let g be ((-8)/(-12))/((-13)/5577). Let f = 70 - g. What is the tens digit of f?
5
Let f be ((-21)/(-14))/(-3 + 0)*-6. Suppose 0 = -2*z + u + 480, -f*z + 112 + 608 = 3*u. What is the hundreds digit of z?
2
Let z be -5 - (-3043 - (1 - -1)). Suppose 22*k - 14*k = z. What is the units digit of k?
0
Suppose 8*x - 1573 = 251. Let j = 615 - x. What is the hundreds digit of j?
3
What is the ten thousands digit of 1314/511 + 266794/7?
3
Let c = -17278 + 24729. What is the hundreds digit of c?
4
What is the tens digit of 1/7 + (-2255533)/(-245) - (-15)/25?
0
Let h be -5111 + -1 + 1 + (4 - 3). Let t = -3631 - h. What is the units digit of t/12 - (-3)/(-12)?
3
Suppose 8*j + 9280 = -12*j. Let b = j + 898. What is the hundreds digit of b?
4
Let x(u) = 134*u - 669. What is the hundreds digit of x(41)?
8
Let j(n) = 14*n + 2. Let k(b) = -27*b - 5. Let f(z) = 5*j(z) + 3*k(z). Let x be f(-1). What is the hundreds digit of (6/(-1) + 0)*(-104)/x?
1
Suppose 4*q + 131097 = 7*q - 12*b, 87378 = 2*q - 4*b. What is the tens digit of q?
7
Let n(h) = -h**3 + 75*h**2 + 9*h - 149. What is the tens digit of n(71)?
5
Suppose 3*s = -8*s + 33. Suppose 4*l + s*f - 1200 = 0, 5*f - 1192 = -l - 3*l. What is the units digit of l?
3
Suppose b - 13572 = -3*j, 8*b - 13548 = 7*b + 3*j. What is the ten thousands digit of b?
1
Let w = -5872 + 19032. What is the hundreds digit of w?
1
Suppose -748081 = -162*o + 122993. What is the thousands digit of o?
5
Let y(g) = -127*g**3 + g**2 - 7*g - 7. Let r be y(-1). Let d = 10 - 8. Suppose 14 - r = -d*c. What is the units digit of c?
7
Let t be (-1353 + -25)*(-2)/(-4)*-1. Suppose 0 = 3*y - 4*h - 1977, 3*h + 1940 = 4*y - t. What is the tens digit of y?
5
Let r = -192 - -9279. What is the tens digit of r?
8
Suppose q = b + 4*q - 15, 0 = -q + 3. Suppose b*t - 1303 + 1195 = 0. What is the tens digit of t?
1
Suppose 26*s + 77 + 157 = 0. What is the tens digit of (-8)/(-4) - (-651 - s/3)?
5
Suppose 56*l - 62*l + 66 = 0. Suppose -l*d = -9*d - 54. What is the units digit of d?
7
Suppose -3458 = 20*c - 11458. What is the thousands digit of (-29627)/(-25) + (-32)/c?
1
Suppose 2 = -6*n + 3*n - 2*y, 0 = -n - 5*y - 5. Suppose -5*x = -n*x - 20. Suppose 33 = x*u - 23. What is the tens digit of u?
1
Let j be (0 - -8)/((-32)/432). Suppose -2*i = -0*b + 4*b - 48, 2*i - b = 68. Let x = i - j. What is the hundreds digit of x?
1
Let d(p) be the first derivative of 15*p**2/2 - 120*p + 64. What is the units digit of d(31)?
5
Let p(a) = 68*a**2 + 28*a + 3. Let j be p(-2). Let v(c) = 12*c + 5. Let o be v(-11). Let b = o + j. What is the tens digit of b?
9
Suppose -12*u - 57 = -13*u. Let p = -55 + u. Suppose 0 = -p*g - g - d + 345, -3*d + 237 = 2*g. What is the hundreds digit of g?
1
Suppose 12*p - 101572 = 56228. What is the ten thousands digit of p?
1
Let n(u) = u**3 - 4*u**2 - 4*u - 2. Let v(i) = 2*i - 15. Let j be v(10). Let l be n(j). Suppose -85 = -l*t + 152. What is the units digit of t?
9
Let f(w) = -w**3 + 74*w**2 + 174*w + 141. What is the thousands digit of f(71)?
7
Let b(n) = -151*n + 250. What is the hundreds digit of b(-28)?
4
Let s = -516 - -6050. What is the thousands digit of s?
5
Let j = -34441 + 57978. What is the thousands digit of j?
3
Suppose -7*p = 7*p + 406. Let z = p + 210. What is the tens digit of z?
8
Let n(i) = i**3 + 6*i**2 + 3*i + 10. Let f be n(-6). What is the thousands digit of (-2*(-116)/f)/((-4)/236)?
1
Let h(z) = z**3 - 9*z**2 + 9*z - 2. Let f(t) = -24 + 26*t - 23*t + 5*t. Let l be f(4). What is the units digit of h(l)?
6
Let z(l) = -2*l**3 - 25*l**2 + 5. Suppose 4*w - 4*g + 36 = 0, 4*g = w + 2*w + 23. What is the hundreds